{"id":232,"date":"2017-03-10T20:55:06","date_gmt":"2017-03-10T20:55:06","guid":{"rendered":"http:\/\/www.resourceintegration.ca\/\/?page_id=232\/"},"modified":"2025-10-30T20:48:35","modified_gmt":"2025-10-30T20:48:35","slug":"who-we-are","status":"publish","type":"page","link":"https:\/\/www.resourceintegration.ca\/en\/who-we-are\/","title":{"rendered":"About us"},"content":{"rendered":"<div class=\"wpb-content-wrapper\"><p>[vc_row css_animation=&#8221;&#8221; row_type=&#8221;row&#8221; use_row_as_full_screen_section=&#8221;no&#8221; type=&#8221;grid&#8221; angled_section=&#8221;no&#8221; text_align=&#8221;left&#8221; background_image_as_pattern=&#8221;without_pattern&#8221; el_id=&#8221;template-simple&#8221;][vc_column][vc_column_text css=&#8221;&#8221;]Established in 1984, Re-Source Int\u00e9gration is a social economy company. In other words, we pursue both social and economic goals.<\/p>\n<p>Our increasing success is due to the ability and get-up-and-go attitude of our production team comprising over 150 people living with a disability, whether that is an intellectual deficiency, physical limitations or mental health issues. Our employees carry out daily tasks in our field of expertise, namely; assembly, packaging, online sales shipping and cardboard skid production.<\/p>\n<p>Re-Source Int\u00e9gration owns <a href=\"http:\/\/sourcedesaubaines.com\/en\/\" target=\"_blank\" rel=\"noopener noreferrer\">La Source des Aubaines<\/a>, a liquidation center open to the general public with branches located at 74 Gr\u00e9ber Blvd. &amp; 914 Maloney E. Blvd in Gatineau, 93 Lois Street in Hull and 1000 Dollard Street in Buckingham. We also own <a href=\"http:\/\/www.cedresrecycles.com\/index-en.php\" target=\"_blank\" rel=\"noopener noreferrer\">Recycled Cedars<\/a>, a pick-up service for cedar trimmings destined for essential oil extraction.[\/vc_column_text][vc_column_text css=&#8221;&#8221;]<span style=\"color: #0000ff;\"><strong>OUR MISSION:<\/strong><\/span><\/p>\n<p>The goal of Re-Source Int\u00e9gration is to create jobs for persons with disabilities and provide them with a real, meaningful and gratifying work experience. We want to improve the living standards and working conditions of people living with disabilities and fast-track them on the path of financial independence. Due to the emphasis we have put on enhancing the skills and knowledge of our team members, we are able to provide quality products and services to our clients and partners at competitive rates.<\/p>\n<p style=\"text-align: left;\"><strong><span style=\"color: #0000ff;\">OUR TEAM:<\/span><\/strong><\/p>\n<p style=\"text-align: left;\">A production team comprising over 210 proud and talented employees.<\/p>\n<p>[\/vc_column_text][vc_single_image image=&#8221;1332&#8243; img_size=&#8221;full&#8221; css=&#8221;&#8221; qode_css_animation=&#8221;&#8221;][vc_empty_space height=&#8221;50&#8243;][vc_column_text]<span style=\"color: #0000ff;\"><strong>AN EXPERIENCED AND DEVOTED BOARD OF DIRECTORS:<\/strong><\/span>[\/vc_column_text][vc_row_inner row_type=&#8221;row&#8221; type=&#8221;full_width&#8221; text_align=&#8221;left&#8221; css_animation=&#8221;&#8221;][vc_column_inner width=&#8221;1\/4&#8243;][vc_single_image image=&#8221;903&#8243; qode_css_animation=&#8221;&#8221;][vc_column_text]<\/p>\n<p><strong>Robert P. Racicot<br \/>\n<\/strong>President[\/vc_column_text][vc_separator type=&#8221;normal&#8221;][\/vc_column_inner][vc_column_inner width=&#8221;1\/4&#8243;][vc_single_image image=&#8221;909&#8243; css=&#8221;&#8221; qode_css_animation=&#8221;&#8221;][vc_column_text css=&#8221;&#8221;]<strong>Sylvie Labb\u00e9<br \/>\n<\/strong>Vice-president[\/vc_column_text][vc_separator type=&#8221;normal&#8221;][\/vc_column_inner][vc_column_inner width=&#8221;1\/4&#8243;][vc_single_image image=&#8221;914&#8243; css=&#8221;&#8221; qode_css_animation=&#8221;&#8221;][vc_column_text css=&#8221;&#8221;]<strong>Caroline Charette<br \/>\n<\/strong><span class=\"Y2IQFc\" lang=\"en\">Executive Director<\/span>[\/vc_column_text][vc_separator type=&#8221;normal&#8221;][\/vc_column_inner][vc_column_inner width=&#8221;1\/4&#8243;][vc_single_image image=&#8221;897&#8243; qode_css_animation=&#8221;&#8221;][vc_column_text]<\/p>\n<p style=\"text-align: left;\"><strong>Aur\u00e8le Desjardins<br \/>\n<\/strong>Secretary Treasurer<\/p>\n<p>[\/vc_column_text][vc_separator type=&#8221;normal&#8221;][\/vc_column_inner][\/vc_row_inner][\/vc_column][vc_column][vc_row_inner row_type=&#8221;row&#8221; type=&#8221;full_width&#8221; text_align=&#8221;left&#8221; css_animation=&#8221;&#8221;][vc_column_inner width=&#8221;1\/4&#8243;][vc_single_image image=&#8221;907&#8243; qode_css_animation=&#8221;&#8221;][vc_column_text]<\/p>\n<p><strong>Sylvie Charette<br \/>\n<\/strong>Administrator[\/vc_column_text][vc_separator type=&#8221;normal&#8221;][\/vc_column_inner][vc_column_inner width=&#8221;1\/4&#8243;][vc_single_image image=&#8221;901&#8243; qode_css_animation=&#8221;&#8221;][vc_column_text]<\/p>\n<p><strong>Pierre Giroux<br \/>\n<\/strong>Administrator[\/vc_column_text][vc_separator type=&#8221;normal&#8221;][\/vc_column_inner][vc_column_inner width=&#8221;1\/4&#8243;][vc_single_image image=&#8221;1278&#8243; css=&#8221;&#8221; qode_css_animation=&#8221;&#8221;][vc_column_text css=&#8221;&#8221;]<strong>Sylvie Laferri\u00e8re<br \/>\n<\/strong>Administrator[\/vc_column_text][vc_separator type=&#8221;normal&#8221;][\/vc_column_inner][vc_column_inner width=&#8221;1\/4&#8243;][vc_single_image image=&#8221;1320&#8243; css=&#8221;&#8221; qode_css_animation=&#8221;&#8221;][vc_column_text css=&#8221;&#8221;]<strong>Christyne Simard<br \/>\n<\/strong>Administrator[\/vc_column_text][\/vc_column_inner][\/vc_row_inner][\/vc_column][vc_column][vc_empty_space height=&#8221;50&#8243;][\/vc_column][\/vc_row]<\/p>\n<\/div>","protected":false},"excerpt":{"rendered":"<p>[vc_row css_animation=&#8221;&#8221; row_type=&#8221;row&#8221; use_row_as_full_screen_section=&#8221;no&#8221; type=&#8221;grid&#8221; angled_section=&#8221;no&#8221; text_align=&#8221;left&#8221; background_image_as_pattern=&#8221;without_pattern&#8221; el_id=&#8221;template-simple&#8221;][vc_column][vc_column_text css=&#8221;&#8221;]Established in 1984, Re-Source Int\u00e9gration is a social economy company. In other words, we pursue both social and economic goals. Our&#8230;<\/p>\n","protected":false},"author":1,"featured_media":0,"parent":0,"menu_order":0,"comment_status":"closed","ping_status":"closed","template":"full_width.php","meta":{"_acf_changed":false,"footnotes":""},"class_list":["post-232","page","type-page","status-publish","hentry"],"acf":[],"yoast_head":"<!-- This site is optimized with the Yoast SEO plugin v27.4 - https:\/\/yoast.com\/product\/yoast-seo-wordpress\/ -->\n<title>Who we are | Re-source Int\u00e9gration | Gatineau<\/title>\n<meta name=\"robots\" content=\"index, follow, max-snippet:-1, max-image-preview:large, max-video-preview:-1\" \/>\n<link rel=\"canonical\" href=\"https:\/\/www.resourceintegration.ca\/en\/who-we-are\/\" \/>\n<meta property=\"og:locale\" content=\"en_US\" \/>\n<meta property=\"og:type\" content=\"article\" \/>\n<meta property=\"og:title\" content=\"Who we are | Re-source Int\u00e9gration | Gatineau\" \/>\n<meta property=\"og:description\" content=\"[vc_row css_animation=&#8221;&#8221; row_type=&#8221;row&#8221; use_row_as_full_screen_section=&#8221;no&#8221; type=&#8221;grid&#8221; angled_section=&#8221;no&#8221; text_align=&#8221;left&#8221; background_image_as_pattern=&#8221;without_pattern&#8221; el_id=&#8221;template-simple&#8221;][vc_column][vc_column_text css=&#8221;&#8221;]Established in 1984, Re-Source Int\u00e9gration is a social economy company. In other words, we pursue both social and economic goals. Our...\" \/>\n<meta property=\"og:url\" content=\"https:\/\/www.resourceintegration.ca\/en\/who-we-are\/\" \/>\n<meta property=\"og:site_name\" content=\"Re-Source Int\u00e9gration\" \/>\n<meta property=\"article:modified_time\" content=\"2025-10-30T20:48:35+00:00\" \/>\n<meta property=\"og:image\" content=\"http:\/\/www.resourceintegration.ca\/\/wp-content\/uploads\/2017\/02\/slide-1.jpg\" \/>\n<meta name=\"twitter:card\" content=\"summary_large_image\" \/>\n<meta name=\"twitter:label1\" content=\"Est. reading time\" \/>\n\t<meta name=\"twitter:data1\" content=\"4 minutes\" \/>\n<script type=\"application\/ld+json\" class=\"yoast-schema-graph\">{\"@context\":\"https:\\\/\\\/schema.org\",\"@graph\":[{\"@type\":\"WebPage\",\"@id\":\"https:\\\/\\\/www.resourceintegration.ca\\\/en\\\/who-we-are\\\/\",\"url\":\"https:\\\/\\\/www.resourceintegration.ca\\\/en\\\/who-we-are\\\/\",\"name\":\"Who we are | Re-source Int\u00e9gration | Gatineau\",\"isPartOf\":{\"@id\":\"https:\\\/\\\/www.resourceintegration.ca\\\/#website\"},\"datePublished\":\"2017-03-10T20:55:06+00:00\",\"dateModified\":\"2025-10-30T20:48:35+00:00\",\"breadcrumb\":{\"@id\":\"https:\\\/\\\/www.resourceintegration.ca\\\/en\\\/who-we-are\\\/#breadcrumb\"},\"inLanguage\":\"en-US\",\"potentialAction\":[{\"@type\":\"ReadAction\",\"target\":[\"https:\\\/\\\/www.resourceintegration.ca\\\/en\\\/who-we-are\\\/\"]}]},{\"@type\":\"BreadcrumbList\",\"@id\":\"https:\\\/\\\/www.resourceintegration.ca\\\/en\\\/who-we-are\\\/#breadcrumb\",\"itemListElement\":[{\"@type\":\"ListItem\",\"position\":1,\"name\":\"Accueil\",\"item\":\"https:\\\/\\\/www.resourceintegration.ca\\\/en\\\/\"},{\"@type\":\"ListItem\",\"position\":2,\"name\":\"About us\"}]},{\"@type\":\"WebSite\",\"@id\":\"https:\\\/\\\/www.resourceintegration.ca\\\/#website\",\"url\":\"https:\\\/\\\/www.resourceintegration.ca\\\/\",\"name\":\"Re-Source Int\u00e9gration\",\"description\":\"Une force socio\u00e9conomique, des travailleurs engag\u00e9s.\",\"potentialAction\":[{\"@type\":\"SearchAction\",\"target\":{\"@type\":\"EntryPoint\",\"urlTemplate\":\"https:\\\/\\\/www.resourceintegration.ca\\\/?s={search_term_string}\"},\"query-input\":{\"@type\":\"PropertyValueSpecification\",\"valueRequired\":true,\"valueName\":\"search_term_string\"}}],\"inLanguage\":\"en-US\"}]}<\/script>\n<!-- \/ Yoast SEO plugin. -->","yoast_head_json":{"title":"Who we are | Re-source Int\u00e9gration | Gatineau","robots":{"index":"index","follow":"follow","max-snippet":"max-snippet:-1","max-image-preview":"max-image-preview:large","max-video-preview":"max-video-preview:-1"},"canonical":"https:\/\/www.resourceintegration.ca\/en\/who-we-are\/","og_locale":"en_US","og_type":"article","og_title":"Who we are | Re-source Int\u00e9gration | Gatineau","og_description":"[vc_row css_animation=&#8221;&#8221; row_type=&#8221;row&#8221; use_row_as_full_screen_section=&#8221;no&#8221; type=&#8221;grid&#8221; angled_section=&#8221;no&#8221; text_align=&#8221;left&#8221; background_image_as_pattern=&#8221;without_pattern&#8221; el_id=&#8221;template-simple&#8221;][vc_column][vc_column_text css=&#8221;&#8221;]Established in 1984, Re-Source Int\u00e9gration is a social economy company. In other words, we pursue both social and economic goals. Our...","og_url":"https:\/\/www.resourceintegration.ca\/en\/who-we-are\/","og_site_name":"Re-Source Int\u00e9gration","article_modified_time":"2025-10-30T20:48:35+00:00","og_image":[{"url":"http:\/\/www.resourceintegration.ca\/\/wp-content\/uploads\/2017\/02\/slide-1.jpg","type":"","width":"","height":""}],"twitter_card":"summary_large_image","twitter_misc":{"Est. reading time":"4 minutes"},"schema":{"@context":"https:\/\/schema.org","@graph":[{"@type":"WebPage","@id":"https:\/\/www.resourceintegration.ca\/en\/who-we-are\/","url":"https:\/\/www.resourceintegration.ca\/en\/who-we-are\/","name":"Who we are | Re-source Int\u00e9gration | Gatineau","isPartOf":{"@id":"https:\/\/www.resourceintegration.ca\/#website"},"datePublished":"2017-03-10T20:55:06+00:00","dateModified":"2025-10-30T20:48:35+00:00","breadcrumb":{"@id":"https:\/\/www.resourceintegration.ca\/en\/who-we-are\/#breadcrumb"},"inLanguage":"en-US","potentialAction":[{"@type":"ReadAction","target":["https:\/\/www.resourceintegration.ca\/en\/who-we-are\/"]}]},{"@type":"BreadcrumbList","@id":"https:\/\/www.resourceintegration.ca\/en\/who-we-are\/#breadcrumb","itemListElement":[{"@type":"ListItem","position":1,"name":"Accueil","item":"https:\/\/www.resourceintegration.ca\/en\/"},{"@type":"ListItem","position":2,"name":"About us"}]},{"@type":"WebSite","@id":"https:\/\/www.resourceintegration.ca\/#website","url":"https:\/\/www.resourceintegration.ca\/","name":"Re-Source Int\u00e9gration","description":"Une force socio\u00e9conomique, des travailleurs engag\u00e9s.","potentialAction":[{"@type":"SearchAction","target":{"@type":"EntryPoint","urlTemplate":"https:\/\/www.resourceintegration.ca\/?s={search_term_string}"},"query-input":{"@type":"PropertyValueSpecification","valueRequired":true,"valueName":"search_term_string"}}],"inLanguage":"en-US"}]}},"_links":{"self":[{"href":"https:\/\/www.resourceintegration.ca\/en\/wp-json\/wp\/v2\/pages\/232","targetHints":{"allow":["GET"]}}],"collection":[{"href":"https:\/\/www.resourceintegration.ca\/en\/wp-json\/wp\/v2\/pages"}],"about":[{"href":"https:\/\/www.resourceintegration.ca\/en\/wp-json\/wp\/v2\/types\/page"}],"author":[{"embeddable":true,"href":"https:\/\/www.resourceintegration.ca\/en\/wp-json\/wp\/v2\/users\/1"}],"replies":[{"embeddable":true,"href":"https:\/\/www.resourceintegration.ca\/en\/wp-json\/wp\/v2\/comments?post=232"}],"version-history":[{"count":45,"href":"https:\/\/www.resourceintegration.ca\/en\/wp-json\/wp\/v2\/pages\/232\/revisions"}],"predecessor-version":[{"id":1354,"href":"https:\/\/www.resourceintegration.ca\/en\/wp-json\/wp\/v2\/pages\/232\/revisions\/1354"}],"wp:attachment":[{"href":"https:\/\/www.resourceintegration.ca\/en\/wp-json\/wp\/v2\/media?parent=232"}],"curies":[{"name":"wp","href":"https:\/\/api.w.org\/{rel}","templated":true}]}}

<div class="wpb-content-wrapper"><p>[vc_row css_animation=&#8221;&#8221; row_type=&#8221;row&#8221; use_row_as_full_screen_section=&#8221;no&#8221; type=&#8221;grid&#8221; angled_section=&#8221;no&#8221; text_align=&#8221;left&#8221; background_image_as_pattern=&#8221;without_pattern&#8221; el_id=&#8221;template-simple&#8221;][vc_column][vc_column_text css=&#8221;&#8221;]Established in 1984, Re-Source Intégration is a social economy company. In other words, we pursue both social and economic goals.</p>
<p>Our increasing success is due to the ability and get-up-and-go attitude of our production team comprising over 150 people living with a disability, whether that is an intellectual deficiency, physical limitations or mental health issues. Our employees carry out daily tasks in our field of expertise, namely; assembly, packaging, online sales shipping and cardboard skid production.</p>
<p>Re-Source Intégration owns <a href="http://sourcedesaubaines.com/en/" target="_blank" rel="noopener noreferrer">La Source des Aubaines</a>, a liquidation center open to the general public with branches located at 74 Gréber Blvd. &amp; 914 Maloney E. Blvd in Gatineau, 93 Lois Street in Hull and 1000 Dollard Street in Buckingham. We also own <a href="http://www.cedresrecycles.com/index-en.php" target="_blank" rel="noopener noreferrer">Recycled Cedars</a>, a pick-up service for cedar trimmings destined for essential oil extraction.[/vc_column_text][vc_column_text css=&#8221;&#8221;]<span style="color: #0000ff;"><strong>OUR MISSION:</strong></span></p>
<p>The goal of Re-Source Intégration is to create jobs for persons with disabilities and provide them with a real, meaningful and gratifying work experience. We want to improve the living standards and working conditions of people living with disabilities and fast-track them on the path of financial independence. Due to the emphasis we have put on enhancing the skills and knowledge of our team members, we are able to provide quality products and services to our clients and partners at competitive rates.</p>
<p style="text-align: left;"><strong><span style="color: #0000ff;">OUR TEAM:</span></strong></p>
<p style="text-align: left;">A production team comprising over 210 proud and talented employees.</p>
<p>[/vc_column_text][vc_single_image image=&#8221;1332&#8243; img_size=&#8221;full&#8221; css=&#8221;&#8221; qode_css_animation=&#8221;&#8221;][vc_empty_space height=&#8221;50&#8243;][vc_column_text]<span style="color: #0000ff;"><strong>AN EXPERIENCED AND DEVOTED BOARD OF DIRECTORS:</strong></span>[/vc_column_text][vc_row_inner row_type=&#8221;row&#8221; type=&#8221;full_width&#8221; text_align=&#8221;left&#8221; css_animation=&#8221;&#8221;][vc_column_inner width=&#8221;1/4&#8243;][vc_single_image image=&#8221;903&#8243; qode_css_animation=&#8221;&#8221;][vc_column_text]</p>
<p><strong>Robert P. Racicot<br />
</strong>President[/vc_column_text][vc_separator type=&#8221;normal&#8221;][/vc_column_inner][vc_column_inner width=&#8221;1/4&#8243;][vc_single_image image=&#8221;909&#8243; css=&#8221;&#8221; qode_css_animation=&#8221;&#8221;][vc_column_text css=&#8221;&#8221;]<strong>Sylvie Labbé<br />
</strong>Vice-president[/vc_column_text][vc_separator type=&#8221;normal&#8221;][/vc_column_inner][vc_column_inner width=&#8221;1/4&#8243;][vc_single_image image=&#8221;914&#8243; css=&#8221;&#8221; qode_css_animation=&#8221;&#8221;][vc_column_text css=&#8221;&#8221;]<strong>Caroline Charette<br />
</strong><span class="Y2IQFc" lang="en">Executive Director</span>[/vc_column_text][vc_separator type=&#8221;normal&#8221;][/vc_column_inner][vc_column_inner width=&#8221;1/4&#8243;][vc_single_image image=&#8221;897&#8243; qode_css_animation=&#8221;&#8221;][vc_column_text]</p>
<p style="text-align: left;"><strong>Aurèle Desjardins<br />
</strong>Secretary Treasurer</p>
<p>[/vc_column_text][vc_separator type=&#8221;normal&#8221;][/vc_column_inner][/vc_row_inner][/vc_column][vc_column][vc_row_inner row_type=&#8221;row&#8221; type=&#8221;full_width&#8221; text_align=&#8221;left&#8221; css_animation=&#8221;&#8221;][vc_column_inner width=&#8221;1/4&#8243;][vc_single_image image=&#8221;907&#8243; qode_css_animation=&#8221;&#8221;][vc_column_text]</p>
<p><strong>Sylvie Charette<br />
</strong>Administrator[/vc_column_text][vc_separator type=&#8221;normal&#8221;][/vc_column_inner][vc_column_inner width=&#8221;1/4&#8243;][vc_single_image image=&#8221;901&#8243; qode_css_animation=&#8221;&#8221;][vc_column_text]</p>
<p><strong>Pierre Giroux<br />
</strong>Administrator[/vc_column_text][vc_separator type=&#8221;normal&#8221;][/vc_column_inner][vc_column_inner width=&#8221;1/4&#8243;][vc_single_image image=&#8221;1278&#8243; css=&#8221;&#8221; qode_css_animation=&#8221;&#8221;][vc_column_text css=&#8221;&#8221;]<strong>Sylvie Laferrière<br />
</strong>Administrator[/vc_column_text][vc_separator type=&#8221;normal&#8221;][/vc_column_inner][vc_column_inner width=&#8221;1/4&#8243;][vc_single_image image=&#8221;1320&#8243; css=&#8221;&#8221; qode_css_animation=&#8221;&#8221;][vc_column_text css=&#8221;&#8221;]<strong>Christyne Simard<br />
</strong>Administrator[/vc_column_text][/vc_column_inner][/vc_row_inner][/vc_column][vc_column][vc_empty_space height=&#8221;50&#8243;][/vc_column][/vc_row]</p>
</div>

<p>[vc_row css_animation=&#8221;&#8221; row_type=&#8221;row&#8221; use_row_as_full_screen_section=&#8221;no&#8221; type=&#8221;grid&#8221; angled_section=&#8221;no&#8221; text_align=&#8221;left&#8221; background_image_as_pattern=&#8221;without_pattern&#8221; el_id=&#8221;template-simple&#8221;][vc_column][vc_column_text css=&#8221;&#8221;]Established in 1984, Re-Source Intégration is a social economy company. In other words, we pursue both social and economic goals. Our&#8230;</p>

<!-- This site is optimized with the Yoast SEO plugin v27.4 - https://yoast.com/product/yoast-seo-wordpress/ -->
<title>Who we are | Re-source Intégration | Gatineau</title>
<meta name="robots" content="index, follow, max-snippet:-1, max-image-preview:large, max-video-preview:-1" />
<link rel="canonical" href="https://www.resourceintegration.ca/en/who-we-are/" />
<meta property="og:locale" content="en_US" />
<meta property="og:type" content="article" />
<meta property="og:title" content="Who we are | Re-source Intégration | Gatineau" />
<meta property="og:description" content="[vc_row css_animation=&#8221;&#8221; row_type=&#8221;row&#8221; use_row_as_full_screen_section=&#8221;no&#8221; type=&#8221;grid&#8221; angled_section=&#8221;no&#8221; text_align=&#8221;left&#8221; background_image_as_pattern=&#8221;without_pattern&#8221; el_id=&#8221;template-simple&#8221;][vc_column][vc_column_text css=&#8221;&#8221;]Established in 1984, Re-Source Intégration is a social economy company. In other words, we pursue both social and economic goals. Our..." />
<meta property="og:url" content="https://www.resourceintegration.ca/en/who-we-are/" />
<meta property="og:site_name" content="Re-Source Intégration" />
<meta property="article:modified_time" content="2025-10-30T20:48:35+00:00" />
<meta property="og:image" content="http://www.resourceintegration.ca//wp-content/uploads/2017/02/slide-1.jpg" />
<meta name="twitter:card" content="summary_large_image" />
<meta name="twitter:label1" content="Est. reading time" />
	<meta name="twitter:data1" content="4 minutes" />
<script type="application/ld+json" class="yoast-schema-graph">{"@context":"https:\/\/schema.org","@graph":[{"@type":"WebPage","@id":"https:\/\/www.resourceintegration.ca\/en\/who-we-are\/","url":"https:\/\/www.resourceintegration.ca\/en\/who-we-are\/","name":"Who we are | Re-source Intégration | Gatineau","isPartOf":{"@id":"https:\/\/www.resourceintegration.ca\/#website"},"datePublished":"2017-03-10T20:55:06+00:00","dateModified":"2025-10-30T20:48:35+00:00","breadcrumb":{"@id":"https:\/\/www.resourceintegration.ca\/en\/who-we-are\/#breadcrumb"},"inLanguage":"en-US","potentialAction":[{"@type":"ReadAction","target":["https:\/\/www.resourceintegration.ca\/en\/who-we-are\/"]}]},{"@type":"BreadcrumbList","@id":"https:\/\/www.resourceintegration.ca\/en\/who-we-are\/#breadcrumb","itemListElement":[{"@type":"ListItem","position":1,"name":"Accueil","item":"https:\/\/www.resourceintegration.ca\/en\/"},{"@type":"ListItem","position":2,"name":"About us"}]},{"@type":"WebSite","@id":"https:\/\/www.resourceintegration.ca\/#website","url":"https:\/\/www.resourceintegration.ca\/","name":"Re-Source Intégration","description":"Une force socioéconomique, des travailleurs engagés.","potentialAction":[{"@type":"SearchAction","target":{"@type":"EntryPoint","urlTemplate":"https:\/\/www.resourceintegration.ca\/?s={search_term_string}"},"query-input":{"@type":"PropertyValueSpecification","valueRequired":true,"valueName":"search_term_string"}}],"inLanguage":"en-US"}]}</script>
<!-- / Yoast SEO plugin. -->

Who we are | Re-source Intégration | Gatineau

[vc_row css_animation=&#8221;&#8221; row_type=&#8221;row&#8221; use_row_as_full_screen_section=&#8221;no&#8221; type=&#8221;grid&#8221; angled_section=&#8221;no&#8221; text_align=&#8221;left&#8221; background_image_as_pattern=&#8221;without_pattern&#8221; el_id=&#8221;template-simple&#8221;][vc_column][vc_column_text css=&#8221;&#8221;]Established in 1984, Re-Source Intégration is a social economy company. In other words, we pursue both social and economic goals. Our...

Re-Source Intégration

Une force socioéconomique, des travailleurs engagés.
